{"id":44,"date":"2017-05-29T17:50:04","date_gmt":"2017-05-29T15:50:04","guid":{"rendered":"http:\/\/www.beo-bewegt.de\/?page_id=44"},"modified":"2024-01-01T17:57:58","modified_gmt":"2024-01-01T16:57:58","slug":"unternehmen","status":"publish","type":"page","link":"https:\/\/www.beo-bewegt.de\/bgm\/unternehmen\/","title":{"rendered":"Unternehmen"},"content":{"rendered":"<h2 style=\"text-align: left;\"><span style=\"font-size: 14pt;\"><strong>Unsere Philosophie<\/strong><\/span><\/h2>\n<p style=\"text-align: justify;\"><span style=\"font-size: 12pt;\">Von der k\u00f6rperlichen Fitness bis zur psychischen und mentalen Leistungsf\u00e4higkeit Ihrer Mitarbeiter \u2013 der ganzheitliche Ansatz der BEO<em>bewegt<\/em> Gesundheitsf\u00f6rderung sorgt f\u00fcr Wohlbefinden und Leistungsf\u00e4higkeit am Arbeitsplatz sowie eine optimale Work-Life-Balance. Dabei behalten wir Ihre Unternehmensziele konsequent im Blick und passen jede Ma\u00dfnahme der BEO<em>bewegt<\/em> Gesundheitsf\u00f6rderung bis ins Detail darauf an. Von der aktiven F\u00f6rderung der Gesundheit und Leistungsf\u00e4higkeit profitieren Ihre Mitarbeiter pers\u00f6nlich und Ihr Unternehmen wirtschaftlich.<\/span><\/p>\n<h2 style=\"text-align: left;\"><\/h2>\n<h2 style=\"text-align: left;\"><span style=\"font-size: 14pt;\"><strong>Die <\/strong><strong>BEO<em>bewegt<\/em> Gesundheitsmanager<\/strong><\/span><\/h2>\n<p style=\"padding-left: 30px;\"><span style=\"text-decoration: underline; font-size: 14pt;\"><span style=\"color: #000000; text-decoration: underline;\">Svenja Lessmann<\/span><\/span><\/p>\n<div style=\"padding-left: 60px;\"><span style=\"font-size: 10pt;\">Gesch\u00e4ftsf\u00fchrerin<\/span><\/div>\n<div style=\"padding-left: 60px;\"><span style=\"font-size: 10pt;\">M.A. Pr\u00e4vention und Gesundheitsmanagement<\/span><\/div>\n<div style=\"padding-left: 60px;\"><span style=\"font-size: 10pt;\">B.A. Fitness\u00f6konomie<\/span><\/div>\n<div style=\"padding-left: 60px;\"><span style=\"font-size: 10pt;\">Beraterin im Betrieb \u2013 Ergonomie am Arbeitsplatz<\/span><\/div>\n<div style=\"padding-left: 60px;\"><span style=\"font-size: 10pt;\">R\u00fcckenschullehrerin (KddR)<\/span><\/div>\n","protected":false},"excerpt":{"rendered":"<p>Unsere Philosophie Von der k\u00f6rperlichen Fitness bis zur psychischen und mentalen Leistungsf\u00e4higkeit Ihrer Mitarbeiter \u2013 der ganzheitliche Ansatz der BEObewegt Gesundheitsf\u00f6rderung sorgt f\u00fcr Wohlbefinden und Leistungsf\u00e4higkeit am Arbeitsplatz sowie eine optimale Work-Life-Balance. Dabei behalten wir Ihre Unternehmensziele konsequent im Blick und passen jede Ma\u00dfnahme der BEObewegt Gesundheitsf\u00f6rderung bis ins Detail darauf an. Von der aktiven [&hellip;]<\/p>\n","protected":false},"author":1,"featured_media":0,"parent":0,"menu_order":0,"comment_status":"closed","ping_status":"closed","template":"","meta":{"footnotes":""},"class_list":["post-44","page","type-page","status-publish","hentry"],"_links":{"self":[{"href":"https:\/\/www.beo-bewegt.de\/bgm\/wp-json\/wp\/v2\/pages\/44","targetHints":{"allow":["GET"]}}],"collection":[{"href":"https:\/\/www.beo-bewegt.de\/bgm\/wp-json\/wp\/v2\/pages"}],"about":[{"href":"https:\/\/www.beo-bewegt.de\/bgm\/wp-json\/wp\/v2\/types\/page"}],"author":[{"embeddable":true,"href":"https:\/\/www.beo-bewegt.de\/bgm\/wp-json\/wp\/v2\/users\/1"}],"replies":[{"embeddable":true,"href":"https:\/\/www.beo-bewegt.de\/bgm\/wp-json\/wp\/v2\/comments?post=44"}],"version-history":[{"count":32,"href":"https:\/\/www.beo-bewegt.de\/bgm\/wp-json\/wp\/v2\/pages\/44\/revisions"}],"predecessor-version":[{"id":620,"href":"https:\/\/www.beo-bewegt.de\/bgm\/wp-json\/wp\/v2\/pages\/44\/revisions\/620"}],"wp:attachment":[{"href":"https:\/\/www.beo-bewegt.de\/bgm\/wp-json\/wp\/v2\/media?parent=44"}],"curies":[{"name":"wp","href":"https:\/\/api.w.org\/{rel}","templated":true}]}}

<h2 style="text-align: left;"><span style="font-size: 14pt;"><strong>Unsere Philosophie</strong></span></h2>
<p style="text-align: justify;"><span style="font-size: 12pt;">Von der körperlichen Fitness bis zur psychischen und mentalen Leistungsfähigkeit Ihrer Mitarbeiter – der ganzheitliche Ansatz der BEO<em>bewegt</em> Gesundheitsförderung sorgt für Wohlbefinden und Leistungsfähigkeit am Arbeitsplatz sowie eine optimale Work-Life-Balance. Dabei behalten wir Ihre Unternehmensziele konsequent im Blick und passen jede Maßnahme der BEO<em>bewegt</em> Gesundheitsförderung bis ins Detail darauf an. Von der aktiven Förderung der Gesundheit und Leistungsfähigkeit profitieren Ihre Mitarbeiter persönlich und Ihr Unternehmen wirtschaftlich.</span></p>
<h2 style="text-align: left;"></h2>
<h2 style="text-align: left;"><span style="font-size: 14pt;"><strong>Die </strong><strong>BEO<em>bewegt</em> Gesundheitsmanager</strong></span></h2>
<p style="padding-left: 30px;"><span style="text-decoration: underline; font-size: 14pt;"><span style="color: #000000; text-decoration: underline;">Svenja Lessmann</span></span></p>
<div style="padding-left: 60px;"><span style="font-size: 10pt;">Geschäftsführerin</span></div>
<div style="padding-left: 60px;"><span style="font-size: 10pt;">M.A. Prävention und Gesundheitsmanagement</span></div>
<div style="padding-left: 60px;"><span style="font-size: 10pt;">B.A. Fitnessökonomie</span></div>
<div style="padding-left: 60px;"><span style="font-size: 10pt;">Beraterin im Betrieb – Ergonomie am Arbeitsplatz</span></div>
<div style="padding-left: 60px;"><span style="font-size: 10pt;">Rückenschullehrerin (KddR)</span></div>

<p>Unsere Philosophie Von der körperlichen Fitness bis zur psychischen und mentalen Leistungsfähigkeit Ihrer Mitarbeiter – der ganzheitliche Ansatz der BEObewegt Gesundheitsförderung sorgt für Wohlbefinden und Leistungsfähigkeit am Arbeitsplatz sowie eine optimale Work-Life-Balance. Dabei behalten wir Ihre Unternehmensziele konsequent im Blick und passen jede Maßnahme der BEObewegt Gesundheitsförderung bis ins Detail darauf an. Von der aktiven [&hellip;]</p>
