{"id":54,"date":"2017-05-29T20:21:12","date_gmt":"2017-05-29T18:21:12","guid":{"rendered":"http:\/\/www.beo-bewegt.de\/?page_id=54"},"modified":"2019-11-16T23:06:09","modified_gmt":"2019-11-16T22:06:09","slug":"handlungsansaetze-fuer-ein-bgm","status":"publish","type":"page","link":"https:\/\/www.beo-bewegt.de\/bgm\/betr-gesundheitsmanagement\/handlungsansaetze-fuer-ein-bgm\/","title":{"rendered":"Handlungsans\u00e4tze f\u00fcr ein BGM"},"content":{"rendered":"\t\t<div data-elementor-type=\"wp-page\" data-elementor-id=\"54\" class=\"elementor elementor-54\" data-elementor-post-type=\"page\">\n\t\t\t\t\t\t<section class=\"elementor-section elementor-top-section elementor-element elementor-element-73637089 elementor-section-boxed elementor-section-height-default elementor-section-height-default\" data-id=\"73637089\" data-element_type=\"section\" data-e-type=\"section\">\n\t\t\t\t\t\t<div class=\"elementor-container elementor-column-gap-default\">\n\t\t\t\t\t<div class=\"elementor-column elementor-col-100 elementor-top-column elementor-element elementor-element-45aa6543\" data-id=\"45aa6543\" data-element_type=\"column\" data-e-type=\"column\">\n\t\t\t<div class=\"elementor-widget-wrap elementor-element-populated\">\n\t\t\t\t\t\t<div class=\"elementor-element elementor-element-470b023 elementor-hidden-phone elementor-widget elementor-widget-text-editor\" data-id=\"470b023\" data-element_type=\"widget\" data-e-type=\"widget\" data-widget_type=\"text-editor.default\">\n\t\t\t\t<div class=\"elementor-widget-container\">\n\t\t\t\t\t\t\t\t\t<table class=\" alignleft\" style=\"height: 188px; width: 100%;\"><tbody><tr><td style=\"width: 134.375px; text-align: center;\"><img decoding=\"async\" class=\"wp-image-526 alignnone\" src=\"https:\/\/www.beo-bewegt.de\/bgm\/wp-content\/uploads\/2019\/11\/Rechtlicher-Apsekt-150x150.png\" alt=\"\" width=\"100\" height=\"99\" \/><span style=\"font-size: 12pt;\"><strong>\u00a0<\/strong><\/span><\/td><td style=\"width: 128.542px; text-align: center;\"><span style=\"font-size: 12pt;\"><strong> <img decoding=\"async\" class=\"wp-image-528 aligncenter\" src=\"https:\/\/www.beo-bewegt.de\/bgm\/wp-content\/uploads\/2019\/11\/Wirtschaftlicher-Apsekt-150x150.png\" alt=\"\" width=\"100\" height=\"100\" \/><\/strong><\/span><\/td><td style=\"width: 169.375px; text-align: center;\"><span style=\"font-size: 12pt;\"><strong><img decoding=\"async\" class=\"wp-image-525 alignnone\" src=\"https:\/\/www.beo-bewegt.de\/bgm\/wp-content\/uploads\/2019\/11\/Demografischer-Apsekt-150x150.png\" alt=\"\" width=\"100\" height=\"100\" \/>\u00a0<\/strong><\/span><\/td><td style=\"width: 107.708px; text-align: center;\"><span style=\"font-size: 12pt;\"><strong><img loading=\"lazy\" decoding=\"async\" class=\"wp-image-527 alignnone\" src=\"https:\/\/www.beo-bewegt.de\/bgm\/wp-content\/uploads\/2019\/11\/Sozialer-Apsekt-150x150.png\" alt=\"\" width=\"100\" height=\"100\" \/>\u00a0<\/strong><\/span><\/td><\/tr><tr style=\"height: 80px;\"><td style=\"width: 134.375px; text-align: center; height: 80px;\"><span style=\"font-size: 12pt;\"><strong>Rechtliche Aspekte \u00a0\u00a0<\/strong><\/span><\/td><td style=\"width: 128.542px; text-align: center; height: 80px;\"><span style=\"font-size: 12pt;\"><strong>Wirtschaftliche Aspekte \u00a0<\/strong><\/span><\/td><td style=\"width: 169.375px; text-align: center; height: 80px;\"><span style=\"font-size: 12pt;\"><strong>Demografische\/ Strukturelle Aspekte\u00a0<\/strong><\/span><\/td><td style=\"width: 107.708px; text-align: center; height: 80px;\"><span style=\"font-size: 12pt;\"><strong>Soziale Aspekte \u00a0<\/strong><\/span><\/td><\/tr><tr style=\"height: 112px;\"><td style=\"width: 134.375px; height: 112px; text-align: center;\">Erf\u00fcllung der gesetzlichen Anforderung f\u00fcr den Arbeits- und \u00a0 Gesundheitsschutz<\/td><td style=\"width: 128.542px; height: 112px; text-align: center;\"><br \/>Optimierung von Kennzahlen (i.d.R. Senkung des Krankenstandes) zur Sicherung der Produktivit\u00e4t<\/td><td style=\"width: 169.375px; height: 112px; text-align: center;\">Erhalt der Arbeitsf\u00e4higkeit als elementarer Baustein der Besch\u00e4ftigungsf\u00e4higkeit<\/td><td style=\"width: 107.708px; height: 112px; text-align: center;\"><br \/>Soziale Verantwortung gegen\u00fcber den Besch\u00e4ftigten und Steigerung der Attraktivit\u00e4t des Arbeitgebers<\/td><\/tr><\/tbody><\/table>\t\t\t\t\t\t\t\t<\/div>\n\t\t\t\t<\/div>\n\t\t\t\t\t<\/div>\n\t\t<\/div>\n\t\t\t\t\t<\/div>\n\t\t<\/section>\n\t\t\t\t<section class=\"elementor-section elementor-top-section elementor-element elementor-element-0e79bcb elementor-section-boxed elementor-section-height-default elementor-section-height-default\" data-id=\"0e79bcb\" data-element_type=\"section\" data-e-type=\"section\">\n\t\t\t\t\t\t<div class=\"elementor-container elementor-column-gap-default\">\n\t\t\t\t\t<div class=\"elementor-column elementor-col-100 elementor-top-column elementor-element elementor-element-a71c5c7\" data-id=\"a71c5c7\" data-element_type=\"column\" data-e-type=\"column\">\n\t\t\t<div class=\"elementor-widget-wrap elementor-element-populated\">\n\t\t\t\t\t\t<div class=\"elementor-element elementor-element-f373890 elementor-widget elementor-widget-text-editor\" data-id=\"f373890\" data-element_type=\"widget\" data-e-type=\"widget\" data-widget_type=\"text-editor.default\">\n\t\t\t\t<div class=\"elementor-widget-container\">\n\t\t\t\t\t\t\t\t\t<p><strong>Strategie und Ziele<\/strong><\/p><p style=\"text-align: justify;\">Unternehmen, die ihren Mitarbeitern ein aktives und attraktives Programm im betrieblichen Gesundheitsmanagement anbieten, profitieren von vielen Vorteilen.<\/p><p style=\"text-align: justify;\">Setzt man zum Beispiel Sportangebote oder auch R\u00fcckenschulungen dauerhaft um, so werden die physische\/psychische Konstitution und auch die Leistungspotenziale der Angestellten gef\u00f6rdert. Die Mitarbeiter sind motiviert, zufrieden und erh\u00f6hen die Produktivit\u00e4t am Arbeitsplatz durch eine gerechte Pausenzeitvorgabe. Die Identifikation mit dem Unternehmen steigt, wenn die innerbetrieblichen Werte und das Verhalten nachvollziehbar sind<\/p><p style=\"text-align: justify;\">Eine Umsetzung der drei Bausteine des BGM kann unterst\u00fctzen, dass die Gesundheit langfristig bis zur Rente erhalten bleibt. Sind die Angestellten also dauerhaft zufrieden mit ihrem Arbeitsplatz, so kann der Krankenstand gesenkt werden.\u00a0Dar\u00fcber hinaus setzt sich ein Betrieb mit der Umsetzung eines BGM von den Konkurrenten ab und bietet einen attraktiven Arbeitsplatz f\u00fcr potenzielle Arbeitnehmer. Diese Faktoren werden mit dem zunehmenden Fachkr\u00e4ftemangel immer bedeutender.<\/p><div style=\"text-align: justify;\">Gesundheitsmanagement kann also nicht nur das Image der Firma verbessern und durch h\u00f6here Motivation bei den Mitarbeitern die Wettbewerbsf\u00e4higkeit des Unternehmens steigern, sondern durch die Reduzierung der Fehlzeiten auch Kosten einsparen.<\/div><div style=\"text-align: justify;\">\u00a0<\/div><hr \/><h5><strong>Wo liegen die Kernziele Ihrer betrieblichen Gesundheitsvorsorge?<\/strong><\/h5><ul style=\"list-style-type: circle;\"><li style=\"text-align: justify;\">Senkung Krankheitskosten &amp; verringerter Krankenstand<\/li><li style=\"text-align: justify;\">Erh\u00f6hte Produktivit\u00e4t<\/li><li style=\"text-align: justify;\">Hohes Qualit\u00e4tsniveau, geringe Fehlerquoten<\/li><li style=\"text-align: justify;\">Mitarbeiterbindung \/ Senkung der Fluktuation<\/li><li style=\"text-align: justify;\">Positives Unternehmensimage, hohe Attraktivit\u00e4t f\u00fcr Fachkr\u00e4fte &amp; Leistungstr\u00e4ger<\/li><li style=\"text-align: justify;\">Starke Position im Wettbewerb<\/li><\/ul>\t\t\t\t\t\t\t\t<\/div>\n\t\t\t\t<\/div>\n\t\t\t\t\t<\/div>\n\t\t<\/div>\n\t\t\t\t\t<\/div>\n\t\t<\/section>\n\t\t\t\t<\/div>\n\t\t","protected":false},"excerpt":{"rendered":"<p>\u00a0 \u00a0 \u00a0 Rechtliche Aspekte \u00a0\u00a0 Wirtschaftliche Aspekte \u00a0 Demografische\/ Strukturelle Aspekte\u00a0 Soziale Aspekte \u00a0 Erf\u00fcllung der gesetzlichen Anforderung f\u00fcr den Arbeits- und \u00a0 Gesundheitsschutz Optimierung von Kennzahlen (i.d.R. Senkung des Krankenstandes) zur Sicherung der Produktivit\u00e4t Erhalt der Arbeitsf\u00e4higkeit als elementarer Baustein der Besch\u00e4ftigungsf\u00e4higkeit Soziale Verantwortung gegen\u00fcber den Besch\u00e4ftigten und Steigerung der Attraktivit\u00e4t des Arbeitgebers [&hellip;]<\/p>\n","protected":false},"author":1,"featured_media":0,"parent":2,"menu_order":0,"comment_status":"closed","ping_status":"closed","template":"","meta":{"footnotes":""},"class_list":["post-54","page","type-page","status-publish","hentry"],"_links":{"self":[{"href":"https:\/\/www.beo-bewegt.de\/bgm\/wp-json\/wp\/v2\/pages\/54","targetHints":{"allow":["GET"]}}],"collection":[{"href":"https:\/\/www.beo-bewegt.de\/bgm\/wp-json\/wp\/v2\/pages"}],"about":[{"href":"https:\/\/www.beo-bewegt.de\/bgm\/wp-json\/wp\/v2\/types\/page"}],"author":[{"embeddable":true,"href":"https:\/\/www.beo-bewegt.de\/bgm\/wp-json\/wp\/v2\/users\/1"}],"replies":[{"embeddable":true,"href":"https:\/\/www.beo-bewegt.de\/bgm\/wp-json\/wp\/v2\/comments?post=54"}],"version-history":[{"count":53,"href":"https:\/\/www.beo-bewegt.de\/bgm\/wp-json\/wp\/v2\/pages\/54\/revisions"}],"predecessor-version":[{"id":537,"href":"https:\/\/www.beo-bewegt.de\/bgm\/wp-json\/wp\/v2\/pages\/54\/revisions\/537"}],"up":[{"embeddable":true,"href":"https:\/\/www.beo-bewegt.de\/bgm\/wp-json\/wp\/v2\/pages\/2"}],"wp:attachment":[{"href":"https:\/\/www.beo-bewegt.de\/bgm\/wp-json\/wp\/v2\/media?parent=54"}],"curies":[{"name":"wp","href":"https:\/\/api.w.org\/{rel}","templated":true}]}}

Handlungsansätze für ein BGM

<div data-elementor-type="wp-page" data-elementor-id="54" class="elementor elementor-54" data-elementor-post-type="page">
						<section class="elementor-section elementor-top-section elementor-element elementor-element-73637089 elementor-section-boxed elementor-section-height-default elementor-section-height-default" data-id="73637089" data-element_type="section" data-e-type="section">
						<div class="elementor-container elementor-column-gap-default">
					<div class="elementor-column elementor-col-100 elementor-top-column elementor-element elementor-element-45aa6543" data-id="45aa6543" data-element_type="column" data-e-type="column">
			<div class="elementor-widget-wrap elementor-element-populated">
						<div class="elementor-element elementor-element-470b023 elementor-hidden-phone elementor-widget elementor-widget-text-editor" data-id="470b023" data-element_type="widget" data-e-type="widget" data-widget_type="text-editor.default">
				<div class="elementor-widget-container">
									<table class=" alignleft" style="height: 188px; width: 100%;"><tbody><tr><td style="width: 134.375px; text-align: center;"><img decoding="async" class="wp-image-526 alignnone" src="https://www.beo-bewegt.de/bgm/wp-content/uploads/2019/11/Rechtlicher-Apsekt-150x150.png" alt="" width="100" height="99" /><span style="font-size: 12pt;"><strong> </strong></span></td><td style="width: 128.542px; text-align: center;"><span style="font-size: 12pt;"><strong> <img decoding="async" class="wp-image-528 aligncenter" src="https://www.beo-bewegt.de/bgm/wp-content/uploads/2019/11/Wirtschaftlicher-Apsekt-150x150.png" alt="" width="100" height="100" /></strong></span></td><td style="width: 169.375px; text-align: center;"><span style="font-size: 12pt;"><strong><img decoding="async" class="wp-image-525 alignnone" src="https://www.beo-bewegt.de/bgm/wp-content/uploads/2019/11/Demografischer-Apsekt-150x150.png" alt="" width="100" height="100" /> </strong></span></td><td style="width: 107.708px; text-align: center;"><span style="font-size: 12pt;"><strong><img loading="lazy" decoding="async" class="wp-image-527 alignnone" src="https://www.beo-bewegt.de/bgm/wp-content/uploads/2019/11/Sozialer-Apsekt-150x150.png" alt="" width="100" height="100" /> </strong></span></td></tr><tr style="height: 80px;"><td style="width: 134.375px; text-align: center; height: 80px;"><span style="font-size: 12pt;"><strong>Rechtliche Aspekte   </strong></span></td><td style="width: 128.542px; text-align: center; height: 80px;"><span style="font-size: 12pt;"><strong>Wirtschaftliche Aspekte  </strong></span></td><td style="width: 169.375px; text-align: center; height: 80px;"><span style="font-size: 12pt;"><strong>Demografische/ Strukturelle Aspekte </strong></span></td><td style="width: 107.708px; text-align: center; height: 80px;"><span style="font-size: 12pt;"><strong>Soziale Aspekte  </strong></span></td></tr><tr style="height: 112px;"><td style="width: 134.375px; height: 112px; text-align: center;">Erfüllung der gesetzlichen Anforderung für den Arbeits- und   Gesundheitsschutz</td><td style="width: 128.542px; height: 112px; text-align: center;"><br />Optimierung von Kennzahlen (i.d.R. Senkung des Krankenstandes) zur Sicherung der Produktivität</td><td style="width: 169.375px; height: 112px; text-align: center;">Erhalt der Arbeitsfähigkeit als elementarer Baustein der Beschäftigungsfähigkeit</td><td style="width: 107.708px; height: 112px; text-align: center;"><br />Soziale Verantwortung gegenüber den Beschäftigten und Steigerung der Attraktivität des Arbeitgebers</td></tr></tbody></table>								</div>
				</div>
					</div>
		</div>
					</div>
		</section>
				<section class="elementor-section elementor-top-section elementor-element elementor-element-0e79bcb elementor-section-boxed elementor-section-height-default elementor-section-height-default" data-id="0e79bcb" data-element_type="section" data-e-type="section">
						<div class="elementor-container elementor-column-gap-default">
					<div class="elementor-column elementor-col-100 elementor-top-column elementor-element elementor-element-a71c5c7" data-id="a71c5c7" data-element_type="column" data-e-type="column">
			<div class="elementor-widget-wrap elementor-element-populated">
						<div class="elementor-element elementor-element-f373890 elementor-widget elementor-widget-text-editor" data-id="f373890" data-element_type="widget" data-e-type="widget" data-widget_type="text-editor.default">
				<div class="elementor-widget-container">
									<p><strong>Strategie und Ziele</strong></p><p style="text-align: justify;">Unternehmen, die ihren Mitarbeitern ein aktives und attraktives Programm im betrieblichen Gesundheitsmanagement anbieten, profitieren von vielen Vorteilen.</p><p style="text-align: justify;">Setzt man zum Beispiel Sportangebote oder auch Rückenschulungen dauerhaft um, so werden die physische/psychische Konstitution und auch die Leistungspotenziale der Angestellten gefördert. Die Mitarbeiter sind motiviert, zufrieden und erhöhen die Produktivität am Arbeitsplatz durch eine gerechte Pausenzeitvorgabe. Die Identifikation mit dem Unternehmen steigt, wenn die innerbetrieblichen Werte und das Verhalten nachvollziehbar sind</p><p style="text-align: justify;">Eine Umsetzung der drei Bausteine des BGM kann unterstützen, dass die Gesundheit langfristig bis zur Rente erhalten bleibt. Sind die Angestellten also dauerhaft zufrieden mit ihrem Arbeitsplatz, so kann der Krankenstand gesenkt werden. Darüber hinaus setzt sich ein Betrieb mit der Umsetzung eines BGM von den Konkurrenten ab und bietet einen attraktiven Arbeitsplatz für potenzielle Arbeitnehmer. Diese Faktoren werden mit dem zunehmenden Fachkräftemangel immer bedeutender.</p><div style="text-align: justify;">Gesundheitsmanagement kann also nicht nur das Image der Firma verbessern und durch höhere Motivation bei den Mitarbeitern die Wettbewerbsfähigkeit des Unternehmens steigern, sondern durch die Reduzierung der Fehlzeiten auch Kosten einsparen.</div><div style="text-align: justify;"> </div><hr /><h5><strong>Wo liegen die Kernziele Ihrer betrieblichen Gesundheitsvorsorge?</strong></h5><ul style="list-style-type: circle;"><li style="text-align: justify;">Senkung Krankheitskosten &amp; verringerter Krankenstand</li><li style="text-align: justify;">Erhöhte Produktivität</li><li style="text-align: justify;">Hohes Qualitätsniveau, geringe Fehlerquoten</li><li style="text-align: justify;">Mitarbeiterbindung / Senkung der Fluktuation</li><li style="text-align: justify;">Positives Unternehmensimage, hohe Attraktivität für Fachkräfte &amp; Leistungsträger</li><li style="text-align: justify;">Starke Position im Wettbewerb</li></ul>								</div>
				</div>
					</div>
		</div>
					</div>
		</section>
				</div>

<p>      Rechtliche Aspekte    Wirtschaftliche Aspekte   Demografische/ Strukturelle Aspekte  Soziale Aspekte   Erfüllung der gesetzlichen Anforderung für den Arbeits- und   Gesundheitsschutz Optimierung von Kennzahlen (i.d.R. Senkung des Krankenstandes) zur Sicherung der Produktivität Erhalt der Arbeitsfähigkeit als elementarer Baustein der Beschäftigungsfähigkeit Soziale Verantwortung gegenüber den Beschäftigten und Steigerung der Attraktivität des Arbeitgebers [&hellip;]</p>
