{"id":62,"date":"2017-05-29T22:12:33","date_gmt":"2017-05-29T20:12:33","guid":{"rendered":"http:\/\/www.beo-bewegt.de\/?page_id=62"},"modified":"2024-01-01T19:05:50","modified_gmt":"2024-01-01T18:05:50","slug":"startseite","status":"publish","type":"page","link":"https:\/\/www.beo-bewegt.de\/bgm\/","title":{"rendered":"Startseite"},"content":{"rendered":"<p style=\"text-align: center;\"><span style=\"font-size: 14pt;\"><span style=\"color: #ff0000;\">BEO<em>bewegt<\/em><\/span> bietet\u00a0<strong>strategisches betriebliches Gesundheitsmanagement<\/strong>, betriebliche Gesundheitsf\u00f6rderung und\u00a0<strong>Organisation von Gesundheitstagen sowie Events<\/strong>\u00a0und weiteren Veranstaltungen f\u00fcr Firmen jeder Gr\u00f6\u00dfenordnung. Neben Pr\u00e4ventionsma\u00dfnahmen zur Reduktion der Muskel-Skelett-Erkrankungen sowie der psychischen Belastung wird eine mobile Massage am Arbeitsplatz angeboten. BEObewegt erstellt mit Ihnen Ihr ganz individuelles Konzept mit Ausrichtung auf Ihre Ziele im Unternehmen.<\/span><\/p>\n","protected":false},"excerpt":{"rendered":"<p>BEObewegt bietet\u00a0strategisches betriebliches Gesundheitsmanagement, betriebliche Gesundheitsf\u00f6rderung und\u00a0Organisation von Gesundheitstagen sowie Events\u00a0und weiteren Veranstaltungen f\u00fcr Firmen jeder Gr\u00f6\u00dfenordnung. Neben Pr\u00e4ventionsma\u00dfnahmen zur Reduktion der Muskel-Skelett-Erkrankungen sowie der psychischen Belastung wird eine mobile Massage am Arbeitsplatz angeboten. BEObewegt erstellt mit Ihnen Ihr ganz individuelles Konzept mit Ausrichtung auf Ihre Ziele im Unternehmen.<\/p>\n","protected":false},"author":1,"featured_media":0,"parent":0,"menu_order":0,"comment_status":"closed","ping_status":"closed","template":"page-home.php","meta":{"footnotes":""},"class_list":["post-62","page","type-page","status-publish","hentry"],"_links":{"self":[{"href":"https:\/\/www.beo-bewegt.de\/bgm\/wp-json\/wp\/v2\/pages\/62","targetHints":{"allow":["GET"]}}],"collection":[{"href":"https:\/\/www.beo-bewegt.de\/bgm\/wp-json\/wp\/v2\/pages"}],"about":[{"href":"https:\/\/www.beo-bewegt.de\/bgm\/wp-json\/wp\/v2\/types\/page"}],"author":[{"embeddable":true,"href":"https:\/\/www.beo-bewegt.de\/bgm\/wp-json\/wp\/v2\/users\/1"}],"replies":[{"embeddable":true,"href":"https:\/\/www.beo-bewegt.de\/bgm\/wp-json\/wp\/v2\/comments?post=62"}],"version-history":[{"count":14,"href":"https:\/\/www.beo-bewegt.de\/bgm\/wp-json\/wp\/v2\/pages\/62\/revisions"}],"predecessor-version":[{"id":628,"href":"https:\/\/www.beo-bewegt.de\/bgm\/wp-json\/wp\/v2\/pages\/62\/revisions\/628"}],"wp:attachment":[{"href":"https:\/\/www.beo-bewegt.de\/bgm\/wp-json\/wp\/v2\/media?parent=62"}],"curies":[{"name":"wp","href":"https:\/\/api.w.org\/{rel}","templated":true}]}}

<p style="text-align: center;"><span style="font-size: 14pt;"><span style="color: #ff0000;">BEO<em>bewegt</em></span> bietet <strong>strategisches betriebliches Gesundheitsmanagement</strong>, betriebliche Gesundheitsförderung und <strong>Organisation von Gesundheitstagen sowie Events</strong> und weiteren Veranstaltungen für Firmen jeder Größenordnung. Neben Präventionsmaßnahmen zur Reduktion der Muskel-Skelett-Erkrankungen sowie der psychischen Belastung wird eine mobile Massage am Arbeitsplatz angeboten. BEObewegt erstellt mit Ihnen Ihr ganz individuelles Konzept mit Ausrichtung auf Ihre Ziele im Unternehmen.</span></p>

<p>BEObewegt bietet strategisches betriebliches Gesundheitsmanagement, betriebliche Gesundheitsförderung und Organisation von Gesundheitstagen sowie Events und weiteren Veranstaltungen für Firmen jeder Größenordnung. Neben Präventionsmaßnahmen zur Reduktion der Muskel-Skelett-Erkrankungen sowie der psychischen Belastung wird eine mobile Massage am Arbeitsplatz angeboten. BEObewegt erstellt mit Ihnen Ihr ganz individuelles Konzept mit Ausrichtung auf Ihre Ziele im Unternehmen.</p>
