{"id":10,"date":"2018-06-19T19:50:36","date_gmt":"2018-06-19T17:50:36","guid":{"rendered":"https:\/\/ems.beo-bewegt.de\/?page_id=10"},"modified":"2018-08-08T23:42:00","modified_gmt":"2018-08-08T21:42:00","slug":"ems-training","status":"publish","type":"page","link":"https:\/\/www.beo-bewegt.de\/ems\/ems-training\/","title":{"rendered":"EMS Training"},"content":{"rendered":"<p>Durch qualifiziertes Personal Training und geringem Zeitaufwand den R\u00fccken dauerhaft st\u00e4rken, Kraft aufbauen, Gewicht reduzieren, das Gewebe straffen und rundum fitsein &#8211; das ist der Traum vieler Menschen.<\/p>\n<p><strong>Ist es auch deiner?<\/strong><\/p>\n<p>Bei 8 von 10 Personen ist die Ursache f\u00fcr R\u00fcckenschmerzen eine zu schwache Muskulatur. Mit regelm\u00e4\u00dfigem EMS-Training k\u00f6nnen muskul\u00e4re Dysbalancen beseitigt, der Muskelaufbau gef\u00f6rdert und s\u00e4mtliche Muskelgruppen im R\u00fccken gleichzeitig trainiert werden. Ergebnisse, die bei klassischem Krafttraining nur mit stundenlangen regelm\u00e4\u00dfigen Einheiten erzielt werden, f\u00fchlt man mit effektivem EMS-Training bereits nach kurzer Zeit \u2013 und das bei <strong>nur 20 Minuten pro Woche.<\/strong><\/p>\n<p>Vereinbare jetzt deinen <a href=\"https:\/\/ems.beo-bewegt.de\/kontakt\/\"><strong>kostenlosen Probetermin <\/strong><\/a>und \u00fcberzeuge dich selbst!<\/p>\n","protected":false},"excerpt":{"rendered":"<p>Durch qualifiziertes Personal Training und geringem Zeitaufwand den R\u00fccken dauerhaft st\u00e4rken, Kraft aufbauen, Gewicht reduzieren, das Gewebe straffen und rundum fitsein &#8211; das ist der Traum vieler Menschen. Ist es auch deiner? Bei 8 von 10 Personen ist die Ursache f\u00fcr R\u00fcckenschmerzen eine zu schwache Muskulatur. Mit regelm\u00e4\u00dfigem EMS-Training k\u00f6nnen muskul\u00e4re Dysbalancen beseitigt, der Muskelaufbau [&hellip;]<\/p>\n","protected":false},"author":1,"featured_media":0,"parent":0,"menu_order":0,"comment_status":"closed","ping_status":"closed","template":"","meta":{"footnotes":""},"class_list":["post-10","page","type-page","status-publish","hentry"],"_links":{"self":[{"href":"https:\/\/www.beo-bewegt.de\/ems\/wp-json\/wp\/v2\/pages\/10","targetHints":{"allow":["GET"]}}],"collection":[{"href":"https:\/\/www.beo-bewegt.de\/ems\/wp-json\/wp\/v2\/pages"}],"about":[{"href":"https:\/\/www.beo-bewegt.de\/ems\/wp-json\/wp\/v2\/types\/page"}],"author":[{"embeddable":true,"href":"https:\/\/www.beo-bewegt.de\/ems\/wp-json\/wp\/v2\/users\/1"}],"replies":[{"embeddable":true,"href":"https:\/\/www.beo-bewegt.de\/ems\/wp-json\/wp\/v2\/comments?post=10"}],"version-history":[{"count":0,"href":"https:\/\/www.beo-bewegt.de\/ems\/wp-json\/wp\/v2\/pages\/10\/revisions"}],"wp:attachment":[{"href":"https:\/\/www.beo-bewegt.de\/ems\/wp-json\/wp\/v2\/media?parent=10"}],"curies":[{"name":"wp","href":"https:\/\/api.w.org\/{rel}","templated":true}]}}