{"id":37,"date":"2018-07-30T19:51:24","date_gmt":"2018-07-30T17:51:24","guid":{"rendered":"https:\/\/ems.beo-bewegt.de\/?page_id=37"},"modified":"2018-08-08T22:47:45","modified_gmt":"2018-08-08T20:47:45","slug":"das-training","status":"publish","type":"page","link":"https:\/\/www.beo-bewegt.de\/ems\/ems-training\/das-training\/","title":{"rendered":"Das Training"},"content":{"rendered":"<p>EMS-KRAFT TRAINING<\/p>\n<p>Der Fokus beim EMS-KRAFT TRAINING liegt in der Ausf\u00fchrung von funktionellen Kraft\u00fcbungen. Ob Liegest\u00fctz, Kniebeuge oder Sit-Ups \u2013 lass Dich von unserem facettenreichen Training begeistern.<\/p>\n<p>Vorteile<\/p>\n<ul>\n<li>bis zu 20 x effektiver als herk\u00f6mmliches Fitnesstraining<\/li>\n<li>Effizienter als konventionelles Fitnesstraining, denn 1-2 x pro Woche f\u00fcr 20 Minuten reicht vollkommen aus um ambitionierte Ziele zu erreichen<\/li>\n<li>Gelenkschonend<\/li>\n<li>Immer mit pers\u00f6nlichem und kompetentem Coaching<\/li>\n<li>Exorbitanter Kalorienverbrauch<\/li>\n<\/ul>\n","protected":false},"excerpt":{"rendered":"<p>EMS-KRAFT TRAINING Der Fokus beim EMS-KRAFT TRAINING liegt in der Ausf\u00fchrung von funktionellen Kraft\u00fcbungen. Ob Liegest\u00fctz, Kniebeuge oder Sit-Ups \u2013 lass Dich von unserem facettenreichen Training begeistern. Vorteile bis zu 20 x effektiver als herk\u00f6mmliches Fitnesstraining Effizienter als konventionelles Fitnesstraining, denn 1-2 x pro Woche f\u00fcr 20 Minuten reicht vollkommen aus um ambitionierte Ziele zu [&hellip;]<\/p>\n","protected":false},"author":1,"featured_media":0,"parent":10,"menu_order":0,"comment_status":"closed","ping_status":"closed","template":"","meta":{"footnotes":""},"class_list":["post-37","page","type-page","status-publish","hentry"],"_links":{"self":[{"href":"https:\/\/www.beo-bewegt.de\/ems\/wp-json\/wp\/v2\/pages\/37","targetHints":{"allow":["GET"]}}],"collection":[{"href":"https:\/\/www.beo-bewegt.de\/ems\/wp-json\/wp\/v2\/pages"}],"about":[{"href":"https:\/\/www.beo-bewegt.de\/ems\/wp-json\/wp\/v2\/types\/page"}],"author":[{"embeddable":true,"href":"https:\/\/www.beo-bewegt.de\/ems\/wp-json\/wp\/v2\/users\/1"}],"replies":[{"embeddable":true,"href":"https:\/\/www.beo-bewegt.de\/ems\/wp-json\/wp\/v2\/comments?post=37"}],"version-history":[{"count":0,"href":"https:\/\/www.beo-bewegt.de\/ems\/wp-json\/wp\/v2\/pages\/37\/revisions"}],"up":[{"embeddable":true,"href":"https:\/\/www.beo-bewegt.de\/ems\/wp-json\/wp\/v2\/pages\/10"}],"wp:attachment":[{"href":"https:\/\/www.beo-bewegt.de\/ems\/wp-json\/wp\/v2\/media?parent=37"}],"curies":[{"name":"wp","href":"https:\/\/api.w.org\/{rel}","templated":true}]}}