{"id":41,"date":"2018-07-30T19:57:19","date_gmt":"2018-07-30T17:57:19","guid":{"rendered":"https:\/\/ems.beo-bewegt.de\/?page_id=41"},"modified":"2020-05-15T14:41:07","modified_gmt":"2020-05-15T12:41:07","slug":"studien","status":"publish","type":"page","link":"https:\/\/www.beo-bewegt.de\/ems\/studien\/","title":{"rendered":"Studien"},"content":{"rendered":"<h4>1. Universit\u00e4t Bayreuth 2002<\/h4>\n<p><a href=\"https:\/\/beo-bewegt.de\/ems\/wp-content\/uploads\/2018\/08\/Universitaet_Bayreuth_2002_Elektromuskelstimulation_der_gesamten_Koerpermuskulatur.pdf\">Elektromuskelstimulation (EMS) der gesamten K\u00f6rpermuskulatur &#8211; eine innovative Methode zur Linderung der Harninkontinenz<\/a><\/p>\n<h4>2. Universit\u00e4t Bayreuth 2002<\/h4>\n<p><a href=\"https:\/\/beo-bewegt.de\/ems\/wp-content\/uploads\/2018\/08\/Universitaet_Bayreuth_2002_GK-EMS_gegen_Rueckenbeschwerden.pdf\">GK-EMS gegen R\u00fcckenbeschwerden<\/a><\/p>\n<h4>3. Universit\u00e4t Bayreuth 2003<\/h4>\n<p><a href=\"https:\/\/beo-bewegt.de\/ems\/wp-content\/uploads\/2018\/08\/Universitaet_Bayreuth_2003_Elektrische_Muskelstimulation_als_Ganzkoerpertraining.pdf\">Elektrische_Muskelstimulation_als_Ganzkoerpertraining<\/a><\/p>\n<h4>4. Universit\u00e4t Erlangen-N\u00fcrnberg 2009<\/h4>\n<p><a href=\"https:\/\/beo-bewegt.de\/ems\/wp-content\/uploads\/2018\/08\/Universitaet_Erlangen-Nuernberg_2009_Effekt_von_Ganzkoerper-Elektromyostimulation_auf_Ruheumsatz.pdf\">Effekt von Ganzk\u00f6rper-Elektromyostimulation auf Ruheumsatz, anthropometrische und muskul\u00e4re Parameter \u00e4lterer Menschen. Der Training und Elektromyostimulations Trial (TEST)<\/a><\/p>\n<h4>5. Universit\u00e4t Erlangen-N\u00fcrnberg 2009<\/h4>\n<p><a href=\"https:\/\/beo-bewegt.de\/ems\/wp-content\/uploads\/2018\/08\/Universitaet_Erlangen-Nuernberg_2009_Einfluss_eines_adjuvanten_EMS-Trainings_auf_Koerperzusammensetzung.pdf\">Einfluss eines adjuvanten EMS-Trainings auf K\u00f6rperzusammensetzung und kardiale Risikofaktoren bei \u00e4lteren M\u00e4nnern mit Metabolischem Syndrom<\/a><\/p>\n<h4>6. Medical Fitness &amp; Healthcare<\/h4>\n<p><a href=\"https:\/\/beo-bewegt.de\/ems\/wp-content\/uploads\/2018\/08\/EMS_miha-bodytec_Fussballspieler_Schusskraft1.pdf\">Ganzk\u00f6rper-EMS-Training im Profifu\u00dfball 01\/2013<\/a><\/p>\n<h4>7. Medical Fitness &amp; Healthcare<\/h4>\n<p><a href=\"https:\/\/beo-bewegt.de\/ems\/wp-content\/uploads\/2018\/08\/EMS-Training_medical_fitness_2012.pdf\">Niederfrequenter Reizstrom 06\/2012<\/a><\/p>\n<h4>8. Fitness &amp; Gesundheit<\/h4>\n<p><a href=\"https:\/\/beo-bewegt.de\/ems\/wp-content\/uploads\/2018\/08\/EMS-Training_FundG_EMS_Test.pdf\">Die Dosis macht das Gift 06\/2015<\/a><\/p>\n<h4>9. Deutsche Sporthochschule K\u00f6ln 2008<\/h4>\n<p><a href=\"https:\/\/beo-bewegt.de\/ems\/wp-content\/uploads\/2018\/08\/DeutscheSporthochschuleKoeln2008Kurz-undlangfristigeTrainingseffekte.pdf\">Kurz- und langfristige Trainingseffekte durch mechanische und elektrische Stimulation auf kraftdiagnostischer Parameter<\/a><\/p>\n<h4>10. Ausgew\u00e4hlte Untersuchungen zur Ganzk\u00f6rper-Elektrostimulation<\/h4>\n<p><a href=\"https:\/\/beo-bewegt.de\/ems\/wp-content\/uploads\/2018\/08\/Ganzkoerper_Elektromyostimulation_versus_HIT-Krafttraining.pdf\">Zusammenfassungen von ausgew\u00e4hlten Studien belegen die Effektivit\u00e4t der Ganzk\u00f6rper &#8211; Elektrostimulation<\/a><\/p>\n<h4>11. Ganzk\u00f6rper Elektromyostimulation versus HIT-Krafttraining<\/h4>\n<p><a href=\"https:\/\/beo-bewegt.de\/ems\/wp-content\/uploads\/2018\/08\/Ganzkoerper_Elektromyostimulation_versus_HIT-Krafttraining.pdf\">Ganzk\u00f6rperElektromyostimulation (WBEMS) und hochintensives (Kraft)Training (HIT) gelten derzeit als die wohlzeiteffektivsten Trainingsmethoden im fitnessorientierten Kraftsport<\/a><\/p>\n<h4>12. Herzklinik Bad-Oeynhausen 2010<\/h4>\n<p><a href=\"https:\/\/beo-bewegt.de\/ems\/wp-content\/uploads\/2018\/08\/Herzklinik_Bad-Oeynhausen_2010_Elektromyostimulation_bei_kardiologischen_Patienten.pdf\">Elektromyostimulation (EMS) bei kardiologischen Patienten. Wird das EMS-Training bedeutsam f\u00fcr die Sekund\u00e4rpr\u00e4vention?<\/a><\/p>\n","protected":false},"excerpt":{"rendered":"<p>1. Universit\u00e4t Bayreuth 2002 Elektromuskelstimulation (EMS) der gesamten K\u00f6rpermuskulatur &#8211; eine innovative Methode zur Linderung der Harninkontinenz 2. Universit\u00e4t Bayreuth 2002 GK-EMS gegen R\u00fcckenbeschwerden 3. Universit\u00e4t Bayreuth 2003 Elektrische_Muskelstimulation_als_Ganzkoerpertraining 4. Universit\u00e4t Erlangen-N\u00fcrnberg 2009 Effekt von Ganzk\u00f6rper-Elektromyostimulation auf Ruheumsatz, anthropometrische und muskul\u00e4re Parameter \u00e4lterer Menschen. Der Training und Elektromyostimulations Trial (TEST) 5. Universit\u00e4t Erlangen-N\u00fcrnberg 2009 Einfluss [&hellip;]<\/p>\n","protected":false},"author":1,"featured_media":0,"parent":0,"menu_order":0,"comment_status":"closed","ping_status":"closed","template":"","meta":{"footnotes":""},"class_list":["post-41","page","type-page","status-publish","hentry"],"_links":{"self":[{"href":"https:\/\/www.beo-bewegt.de\/ems\/wp-json\/wp\/v2\/pages\/41","targetHints":{"allow":["GET"]}}],"collection":[{"href":"https:\/\/www.beo-bewegt.de\/ems\/wp-json\/wp\/v2\/pages"}],"about":[{"href":"https:\/\/www.beo-bewegt.de\/ems\/wp-json\/wp\/v2\/types\/page"}],"author":[{"embeddable":true,"href":"https:\/\/www.beo-bewegt.de\/ems\/wp-json\/wp\/v2\/users\/1"}],"replies":[{"embeddable":true,"href":"https:\/\/www.beo-bewegt.de\/ems\/wp-json\/wp\/v2\/comments?post=41"}],"version-history":[{"count":3,"href":"https:\/\/www.beo-bewegt.de\/ems\/wp-json\/wp\/v2\/pages\/41\/revisions"}],"predecessor-version":[{"id":449,"href":"https:\/\/www.beo-bewegt.de\/ems\/wp-json\/wp\/v2\/pages\/41\/revisions\/449"}],"wp:attachment":[{"href":"https:\/\/www.beo-bewegt.de\/ems\/wp-json\/wp\/v2\/media?parent=41"}],"curies":[{"name":"wp","href":"https:\/\/api.w.org\/{rel}","templated":true}]}}