{"id":99,"date":"2018-08-08T21:48:39","date_gmt":"2018-08-08T19:48:39","guid":{"rendered":"https:\/\/ems.beo-bewegt.de\/?page_id=99"},"modified":"2026-02-05T14:13:49","modified_gmt":"2026-02-05T13:13:49","slug":"startseite","status":"publish","type":"page","link":"https:\/\/www.beo-bewegt.de\/ems\/","title":{"rendered":"Startseite"},"content":{"rendered":"<p><a href=\"https:\/\/beo-bewegt.de\/ems\/kontakt\/\" role=\"button\"><br>\n\t\t\t\t\t\tJETZT PROBETRAINING VEREINBAREN<br>\n\t\t\t\t\t<\/a><\/p>\n<p><\/p>\n\n\n<\/p>\n<p>Bei dieser Form des Trainings wird die Muskulatur durch elektrische Reize stimuliert, sodass mit Hilfe der niederfrequentierten Impulse im EMS Training eine Kontraktion der gesamten Muskulatur bewirkt werden kann. Dabei werden alle gro\u00dfen Muskelgruppen gleichzeitig trainiert und auch tiefer liegende Muskeln optimal erreicht. Ein hochintensives Training, welches wissenschaftlich nachgewiesen fast 20 Mal st\u00e4rker auf den K\u00f6rper wirkt, als herk\u00f6mmliches Krafttraining.<\/p>\n<p>\n\n\n\n<\/p>\n<p><strong>\u2713<\/strong> Bei Deinem Personal EMS Training coachen wir Dich ganz pers\u00f6nlich<\/p>\n<p>\n\n\n\n<\/p>\n<p><strong>\u2713\u00a0 <\/strong>w\u00e4hrend des Trainings gibt Dein Trainer dauerhaftes Feedback und Tipps zur besseren Ausf\u00fchrung\u00a0<\/p>\n<p>\n\n\n\n<\/p>\n<p><strong>\u2713<\/strong> Dein Trainer geht gezielt auf Deine St\u00e4rken und Schw\u00e4chen ein<\/p>\n<p>\n\n\n\n<\/p>\n<p><strong>\u2713 <\/strong> Jedes Training wird f\u00fcr Dich durch einen Personal Trainer reserviert und erm\u00f6glicht eine nachhaltige Bindung zum Training. Wir besiegen\u00a0 mit Dir den inneren Schweinehund<\/p>\n<p>\n\n\n<p><\/p>\n<p>\t\t\t<iframe frameborder=\"0\" scrolling=\"no\" marginheight=\"0\" marginwidth=\"0\" src=\"https:\/\/maps.google.com\/maps?q=BEObewegt%20Lange%20Str.%20104b%2C%2033014%20Bad%20Driburg&amp;t=m&amp;z=15&amp;output=embed&amp;iwloc=near\" aria-label=\"BEObewegt Lange Str. 104b, 33014 Bad Driburg\"><\/iframe><\/p>","protected":false},"excerpt":{"rendered":"<p>JETZT PROBETRAINING VEREINBAREN Bei dieser Form des Trainings wird die Muskulatur durch elektrische Reize stimuliert, sodass mit Hilfe der niederfrequentierten Impulse im EMS Training eine Kontraktion der gesamten Muskulatur bewirkt werden kann. Dabei werden alle gro\u00dfen Muskelgruppen gleichzeitig trainiert und auch tiefer liegende Muskeln optimal erreicht. Ein hochintensives Training, welches wissenschaftlich nachgewiesen fast 20 Mal [&hellip;]<\/p>\n","protected":false},"author":2,"featured_media":0,"parent":0,"menu_order":0,"comment_status":"closed","ping_status":"closed","template":"","meta":{"footnotes":""},"class_list":["post-99","page","type-page","status-publish","hentry"],"_links":{"self":[{"href":"https:\/\/www.beo-bewegt.de\/ems\/wp-json\/wp\/v2\/pages\/99","targetHints":{"allow":["GET"]}}],"collection":[{"href":"https:\/\/www.beo-bewegt.de\/ems\/wp-json\/wp\/v2\/pages"}],"about":[{"href":"https:\/\/www.beo-bewegt.de\/ems\/wp-json\/wp\/v2\/types\/page"}],"author":[{"embeddable":true,"href":"https:\/\/www.beo-bewegt.de\/ems\/wp-json\/wp\/v2\/users\/2"}],"replies":[{"embeddable":true,"href":"https:\/\/www.beo-bewegt.de\/ems\/wp-json\/wp\/v2\/comments?post=99"}],"version-history":[{"count":10,"href":"https:\/\/www.beo-bewegt.de\/ems\/wp-json\/wp\/v2\/pages\/99\/revisions"}],"predecessor-version":[{"id":1024,"href":"https:\/\/www.beo-bewegt.de\/ems\/wp-json\/wp\/v2\/pages\/99\/revisions\/1024"}],"wp:attachment":[{"href":"https:\/\/www.beo-bewegt.de\/ems\/wp-json\/wp\/v2\/media?parent=99"}],"curies":[{"name":"wp","href":"https:\/\/api.w.org\/{rel}","templated":true}]}}